[INFO] cloning repository https://github.com/ByronA19/registro
[INFO] running `Command { std: "git" "-c" "credential.helper=" "-c" "credential.helper=/workspace/cargo-home/bin/git-credential-null" "clone" "--bare" "https://github.com/ByronA19/registro" "/workspace/cache/git-repos/https%3A%2F%2Fgithub.com%2FByronA19%2Fregistro", kill_on_drop: false }`
[INFO] [stderr] Cloning into bare repository '/workspace/cache/git-repos/https%3A%2F%2Fgithub.com%2FByronA19%2Fregistro'...
[INFO] running `Command { std: "git" "rev-parse" "HEAD", kill_on_drop: false }`
[INFO] [stdout] fa98576afafde8bc09714d5b807d329535e703a3
[INFO] building ByronA19/registro against master#ff34b919075f35a1787659e9c448a34b06bab8de for issue-85264
[INFO] running `Command { std: "git" "clone" "/workspace/cache/git-repos/https%3A%2F%2Fgithub.com%2FByronA19%2Fregistro" "/workspace/builds/worker-3/source", kill_on_drop: false }`
[INFO] [stderr] Cloning into '/workspace/builds/worker-3/source'...
[INFO] [stderr] done.
[INFO] validating manifest of git repo https://github.com/ByronA19/registro on toolchain ff34b919075f35a1787659e9c448a34b06bab8de
[INFO] running `Command { std: "/workspace/cargo-home/bin/cargo" "+ff34b919075f35a1787659e9c448a34b06bab8de" "metadata" "--manifest-path" "Cargo.toml" "--no-deps", kill_on_drop: false }`
[INFO] started tweaking git repo https://github.com/ByronA19/registro
[INFO] finished tweaking git repo https://github.com/ByronA19/registro
[INFO] tweaked toml for git repo https://github.com/ByronA19/registro written to /workspace/builds/worker-3/source/Cargo.toml
[INFO] crate git repo https://github.com/ByronA19/registro already has a lockfile, it will not be regenerated
[INFO] running `Command { std: "/workspace/cargo-home/bin/cargo" "+ff34b919075f35a1787659e9c448a34b06bab8de" "fetch" "--manifest-path" "Cargo.toml", kill_on_drop: false }`
[INFO] running `Command { std: "docker" "create" "-v" "/var/lib/crater-agent-workspace/builds/worker-3/target:/opt/rustwide/target:rw,Z" "-v" "/var/lib/crater-agent-workspace/builds/worker-3/source:/opt/rustwide/workdir:ro,Z" "-v" "/var/lib/crater-agent-workspace/cargo-home:/opt/rustwide/cargo-home:ro,Z" "-v" "/var/lib/crater-agent-workspace/rustup-home:/opt/rustwide/rustup-home:ro,Z" "-e" "SOURCE_DIR=/opt/rustwide/workdir" "-e" "CARGO_TARGET_DIR=/opt/rustwide/target" "-e" "CARGO_HOME=/opt/rustwide/cargo-home" "-e" "RUSTUP_HOME=/opt/rustwide/rustup-home" "-w" "/opt/rustwide/workdir" "-m" "1610612736" "--user" "0:0" "--network" "none" "ghcr.io/rust-lang/crates-build-env/linux@sha256:20528e8c29e4536546f0102ce88568b16ea7538393a33fcca951030f7af10457" "/opt/rustwide/cargo-home/bin/cargo" "+ff34b919075f35a1787659e9c448a34b06bab8de" "metadata" "--no-deps" "--format-version=1", kill_on_drop: false }`
[INFO] [stdout] e4362d4e8b5b6d799428c8890925f7e1fe452705d4074399a0b63a9468eaaa9a
[INFO] [stderr] WARNING: Your kernel does not support swap limit capabilities or the cgroup is not mounted. Memory limited without swap.
[INFO] running `Command { std: "docker" "start" "-a" "e4362d4e8b5b6d799428c8890925f7e1fe452705d4074399a0b63a9468eaaa9a", kill_on_drop: false }`
[INFO] running `Command { std: "docker" "inspect" "e4362d4e8b5b6d799428c8890925f7e1fe452705d4074399a0b63a9468eaaa9a", kill_on_drop: false }`
[INFO] running `Command { std: "docker" "rm" "-f" "e4362d4e8b5b6d799428c8890925f7e1fe452705d4074399a0b63a9468eaaa9a", kill_on_drop: false }`
[INFO] [stdout] e4362d4e8b5b6d799428c8890925f7e1fe452705d4074399a0b63a9468eaaa9a
[INFO] running `Command { std: "docker" "create" "-v" "/var/lib/crater-agent-workspace/builds/worker-3/target:/opt/rustwide/target:rw,Z" "-v" "/var/lib/crater-agent-workspace/builds/worker-3/source:/opt/rustwide/workdir:ro,Z" "-v" "/var/lib/crater-agent-workspace/cargo-home:/opt/rustwide/cargo-home:ro,Z" "-v" "/var/lib/crater-agent-workspace/rustup-home:/opt/rustwide/rustup-home:ro,Z" "-e" "SOURCE_DIR=/opt/rustwide/workdir" "-e" "CARGO_TARGET_DIR=/opt/rustwide/target" "-e" "CARGO_INCREMENTAL=0" "-e" "RUST_BACKTRACE=full" "-e" "RUSTFLAGS=--cap-lints=forbid" "-e" "CARGO_HOME=/opt/rustwide/cargo-home" "-e" "RUSTUP_HOME=/opt/rustwide/rustup-home" "-w" "/opt/rustwide/workdir" "-m" "1610612736" "--user" "0:0" "--network" "none" "ghcr.io/rust-lang/crates-build-env/linux@sha256:20528e8c29e4536546f0102ce88568b16ea7538393a33fcca951030f7af10457" "/opt/rustwide/cargo-home/bin/cargo" "+ff34b919075f35a1787659e9c448a34b06bab8de" "build" "--frozen" "--message-format=json", kill_on_drop: false }`
[INFO] [stdout] fc1d1eb307d6bfc5dc2b4ccdf9227aaee6883f452bfa47b8e566bae74b51e957
[INFO] [stderr] WARNING: Your kernel does not support swap limit capabilities or the cgroup is not mounted. Memory limited without swap.
[INFO] running `Command { std: "docker" "start" "-a" "fc1d1eb307d6bfc5dc2b4ccdf9227aaee6883f452bfa47b8e566bae74b51e957", kill_on_drop: false }`
[INFO] [stderr]     Blocking waiting for file lock on package cache
[INFO] [stderr]    Compiling libc v0.2.84
[INFO] [stderr]    Compiling cfg-if v1.0.0
[INFO] [stderr]    Compiling log v0.4.14
[INFO] [stderr]    Compiling subtle v2.4.0
[INFO] [stderr]    Compiling unicode-xid v0.1.0
[INFO] [stderr]    Compiling smallvec v1.6.1
[INFO] [stderr]    Compiling subtle v1.0.0
[INFO] [stderr]    Compiling serde_derive v1.0.123
[INFO] [stderr]    Compiling cpuid-bool v0.1.2
[INFO] [stderr]    Compiling serde v1.0.123
[INFO] [stderr]    Compiling zeroize v1.2.0
[INFO] [stderr]    Compiling base64 v0.12.3
[INFO] [stderr]    Compiling language-tags v0.2.2
[INFO] [stderr]    Compiling typeable v0.1.2
[INFO] [stderr]    Compiling fallible-iterator v0.2.0
[INFO] [stderr]    Compiling state v0.4.2
[INFO] [stderr]    Compiling glob v0.3.0
[INFO] [stderr]    Compiling lazycell v1.3.0
[INFO] [stderr]    Compiling generic-array v0.14.4
[INFO] [stderr]    Compiling tokio v1.1.1
[INFO] [stderr]    Compiling indexmap v1.6.1
[INFO] [stderr]    Compiling pear_codegen v0.1.4
[INFO] [stderr]    Compiling rocket_codegen v0.4.6
[INFO] [stderr]    Compiling rocket v0.4.6
[INFO] [stderr]    Compiling futures-channel v0.3.12
[INFO] [stderr]    Compiling lock_api v0.4.2
[INFO] [stderr]    Compiling base64 v0.9.3
[INFO] [stderr]    Compiling instant v0.1.9
[INFO] [stderr]    Compiling unicode-normalization v0.1.16
[INFO] [stderr]    Compiling proc-macro2 v0.4.30
[INFO] [stderr]    Compiling phf v0.8.0
[INFO] [stderr]    Compiling quote v1.0.8
[INFO] [stderr]    Compiling block-cipher-trait v0.6.2
[INFO] [stderr]    Compiling universal-hash v0.3.0
[INFO] [stderr]    Compiling crypto-mac v0.7.0
[INFO] [stderr]    Compiling aead v0.2.0
[INFO] [stderr]    Compiling sha2 v0.8.2
[INFO] [stderr]    Compiling aes-soft v0.3.3
[INFO] [stderr]    Compiling hmac v0.7.1
[INFO] [stderr]    Compiling polyval v0.3.3
[INFO] [stderr]    Compiling log v0.3.9
[INFO] [stderr]    Compiling syn v1.0.60
[INFO] [stderr]    Compiling hkdf v0.8.0
[INFO] [stderr]    Compiling ghash v0.2.3
[INFO] [stderr]    Compiling aes v0.3.2
[INFO] [stderr]    Compiling quote v0.6.13
[INFO] [stderr]    Compiling mime v0.2.6
[INFO] [stderr]    Compiling aes-gcm v0.5.0
[INFO] [stderr]    Compiling digest v0.9.0
[INFO] [stderr]    Compiling crypto-mac v0.10.0
[INFO] [stderr]    Compiling block-buffer v0.9.0
[INFO] [stderr]    Compiling syn v0.15.44
[INFO] [stderr]    Compiling sha2 v0.9.3
[INFO] [stderr]    Compiling hmac v0.10.1
[INFO] [stderr]    Compiling getrandom v0.1.16
[INFO] [stderr]    Compiling getrandom v0.2.2
[INFO] [stderr]    Compiling time v0.1.44
[INFO] [stderr]    Compiling parking_lot_core v0.8.2
[INFO] [stderr]    Compiling num_cpus v1.13.0
[INFO] [stderr]    Compiling mio v0.7.7
[INFO] [stderr]    Compiling iovec v0.1.4
[INFO] [stderr]    Compiling net2 v0.2.37
[INFO] [stderr]    Compiling chrono v0.4.19
[INFO] [stderr]    Compiling socket2 v0.3.19
[INFO] [stderr]    Compiling inotify-sys v0.1.5
[INFO] [stderr]    Compiling filetime v0.2.14
[INFO] [stderr]    Compiling atty v0.2.14
[INFO] [stderr]    Compiling idna v0.1.5
[INFO] [stderr]    Compiling stringprep v0.1.2
[INFO] [stderr]    Compiling inotify v0.7.1
[INFO] [stderr]    Compiling rand_core v0.6.1
[INFO] [stderr]    Compiling rand_core v0.5.1
[INFO] [stderr]    Compiling parking_lot v0.11.1
[INFO] [stderr]    Compiling mio v0.6.23
[INFO] [stderr]    Compiling rand_chacha v0.3.0
[INFO] [stderr]    Compiling rand_chacha v0.2.2
[INFO] [stderr]    Compiling scheduled-thread-pool v0.2.5
[INFO] [stderr]    Compiling r2d2 v0.8.9
[INFO] [stderr]    Compiling url v1.7.2
[INFO] [stderr]    Compiling rand v0.7.3
[INFO] [stderr]    Compiling rand v0.8.3
[INFO] [stderr]    Compiling mio-extras v2.0.6
[INFO] [stderr]    Compiling notify v4.0.15
[INFO] [stderr]    Compiling hyper v0.10.16
[INFO] [stderr]    Compiling postgres-protocol v0.6.0
[INFO] [stderr]    Compiling cookie v0.11.3
[INFO] [stderr]    Compiling tokio-util v0.6.3
[INFO] [stderr]    Compiling futures-macro v0.3.12
[INFO] [stderr]    Compiling postgres-derive v0.4.0
[INFO] [stderr]    Compiling async-trait v0.1.42
[INFO] [stderr]    Compiling devise_core v0.2.0
[INFO] [stderr]    Compiling futures-util v0.3.12
[INFO] [stderr]    Compiling postgres-types v0.2.0
[INFO] [stderr]    Compiling devise_codegen v0.2.0
[INFO] [stderr]    Compiling devise v0.2.0
[INFO] [stderr]    Compiling pear v0.1.4
[INFO] [stderr]    Compiling rocket_http v0.4.6
[INFO] [stderr]    Compiling futures-executor v0.3.12
[INFO] [stderr]    Compiling futures v0.3.12
[INFO] [stderr]    Compiling tokio-postgres v0.7.0
[INFO] [stderr]    Compiling postgres v0.19.0
[INFO] [stderr]    Compiling r2d2_postgres v0.18.0
[INFO] [stderr]    Compiling toml v0.4.10
[INFO] [stderr]    Compiling serde_json v1.0.61
[INFO] [stderr]    Compiling rocket_contrib v0.4.6
[INFO] [stderr]    Compiling final-proyecto v0.1.0 (/opt/rustwide/workdir)
[INFO] [stdout] error[E0423]: expected value, found struct `Usuario`
[INFO] [stdout]   --> src/db/mod.rs:23:29
[INFO] [stdout]    |
[INFO] [stdout] 23 |     db.query(&statement, &[&Usuario.Identificacion, &Usuario.Nombre,&Usuario.Genero,&Usuario.EstadoCivil,&Usuario.Telefono,&Usuario.Direc...
[INFO] [stdout]    |                             ^^^^^^^---------------
[INFO] [stdout]    |                             |
[INFO] [stdout]    |                             help: use the path separator to refer to an item: `Usuario::Identificacion`
[INFO] [stdout] 
[INFO] [stdout] 
[INFO] [stdout] error[E0423]: expected value, found struct `Usuario`
[INFO] [stdout]   --> src/db/mod.rs:23:54
[INFO] [stdout]    |
[INFO] [stdout] 23 | ...&Usuario.Identificacion, &Usuario.Nombre,&Usuario.Genero,&Usuario.EstadoCivil,&Usuario.Telefono,&Usuario.Direccion,&Usuario.Email,&Usu...
[INFO] [stdout]    |                              ^^^^^^^-------
[INFO] [stdout]    |                              |
[INFO] [stdout]    |                              help: use the path separator to refer to an item: `Usuario::Nombre`
[INFO] [stdout] 
[INFO] [stdout] 
[INFO] [stdout] error[E0423]: expected value, found struct `Usuario`
[INFO] [stdout]   --> src/db/mod.rs:23:70
[INFO] [stdout]    |
[INFO] [stdout] 23 | ...icacion, &Usuario.Nombre,&Usuario.Genero,&Usuario.EstadoCivil,&Usuario.Telefono,&Usuario.Direccion,&Usuario.Email,&Usuario.FechaNacimi...
[INFO] [stdout]    |                              ^^^^^^^-------
[INFO] [stdout]    |                              |
[INFO] [stdout]    |                              help: use the path separator to refer to an item: `Usuario::Genero`
[INFO] [stdout] 
[INFO] [stdout] 
[INFO] [stdout] error[E0423]: expected value, found struct `Usuario`
[INFO] [stdout]   --> src/db/mod.rs:23:86
[INFO] [stdout]    |
[INFO] [stdout] 23 | ...bre,&Usuario.Genero,&Usuario.EstadoCivil,&Usuario.Telefono,&Usuario.Direccion,&Usuario.Email,&Usuario.FechaNacimiento])
[INFO] [stdout]    |                         ^^^^^^^------------
[INFO] [stdout]    |                         |
[INFO] [stdout]    |                         help: use the path separator to refer to an item: `Usuario::EstadoCivil`
[INFO] [stdout] 
[INFO] [stdout] 
[INFO] [stdout] error[E0423]: expected value, found struct `Usuario`
[INFO] [stdout]   --> src/db/mod.rs:23:107
[INFO] [stdout]    |
[INFO] [stdout] 23 | ...o,&Usuario.EstadoCivil,&Usuario.Telefono,&Usuario.Direccion,&Usuario.Email,&Usuario.FechaNacimiento])
[INFO] [stdout]    |                            ^^^^^^^---------
[INFO] [stdout]    |                            |
[INFO] [stdout]    |                            help: use the path separator to refer to an item: `Usuario::Telefono`
[INFO] [stdout] 
[INFO] [stdout] 
[INFO] [stdout] error[E0423]: expected value, found struct `Usuario`
[INFO] [stdout]   --> src/db/mod.rs:23:125
[INFO] [stdout]    |
[INFO] [stdout] 23 | ...vil,&Usuario.Telefono,&Usuario.Direccion,&Usuario.Email,&Usuario.FechaNacimiento])
[INFO] [stdout]    |                           ^^^^^^^----------
[INFO] [stdout]    |                           |
[INFO] [stdout]    |                           help: use the path separator to refer to an item: `Usuario::Direccion`
[INFO] [stdout] 
[INFO] [stdout] 
[INFO] [stdout] error[E0423]: expected value, found struct `Usuario`
[INFO] [stdout]   --> src/db/mod.rs:23:144
[INFO] [stdout]    |
[INFO] [stdout] 23 | ...lefono,&Usuario.Direccion,&Usuario.Email,&Usuario.FechaNacimiento])
[INFO] [stdout]    |                               ^^^^^^^------
[INFO] [stdout]    |                               |
[INFO] [stdout]    |                               help: use the path separator to refer to an item: `Usuario::Email`
[INFO] [stdout] 
[INFO] [stdout] 
[INFO] [stdout] error[E0423]: expected value, found struct `Usuario`
[INFO] [stdout]   --> src/db/mod.rs:23:159
[INFO] [stdout]    |
[INFO] [stdout] 23 | ...,&Usuario.Email,&Usuario.FechaNacimiento])
[INFO] [stdout]    |                     ^^^^^^^----------------
[INFO] [stdout]    |                     |
[INFO] [stdout]    |                     help: use the path separator to refer to an item: `Usuario::FechaNacimiento`
[INFO] [stdout] 
[INFO] [stdout] 
[INFO] [stdout] warning: unused import: `Pool`
[INFO] [stdout]  --> src/db/mod.rs:4:12
[INFO] [stdout]   |
[INFO] [stdout] 4 | use r2d2::{Pool, PooledConnection};
[INFO] [stdout]   |            ^^^^
[INFO] [stdout]   |
[INFO] [stdout]   = note: `#[warn(unused_imports)]` on by default
[INFO] [stdout] 
[INFO] [stdout] 
[INFO] [stdout] error: aborting due to 8 previous errors; 1 warning emitted
[INFO] [stdout] 
[INFO] [stdout] 
[INFO] [stdout] For more information about this error, try `rustc --explain E0423`.
[INFO] [stdout] 
[INFO] [stderr] error: could not compile `final-proyecto`
[INFO] [stderr] 
[INFO] [stderr] To learn more, run the command again with --verbose.
[INFO] [stderr] warning: build failed, waiting for other jobs to finish...
[INFO] [stderr] error: build failed
[INFO] running `Command { std: "docker" "inspect" "fc1d1eb307d6bfc5dc2b4ccdf9227aaee6883f452bfa47b8e566bae74b51e957", kill_on_drop: false }`
[INFO] running `Command { std: "docker" "rm" "-f" "fc1d1eb307d6bfc5dc2b4ccdf9227aaee6883f452bfa47b8e566bae74b51e957", kill_on_drop: false }`
[INFO] [stdout] fc1d1eb307d6bfc5dc2b4ccdf9227aaee6883f452bfa47b8e566bae74b51e957
